{"id":4873,"date":"2022-11-24T09:51:06","date_gmt":"2022-11-24T09:51:06","guid":{"rendered":"https:\/\/sweet-johnson.82-165-61-42.plesk.page\/?post_type=product&#038;p=4873"},"modified":"2022-11-24T09:51:07","modified_gmt":"2022-11-24T09:51:07","slug":"d860","status":"publish","type":"product","link":"https:\/\/sweet-johnson.82-165-61-42.plesk.page\/index.php\/product\/d860\/","title":{"rendered":"D860"},"content":{"rendered":"<p>&nbsp;<\/p>\n<ul class=\"product-details-info\">\n<li>OrcaTorch D860 est une lampe de plong\u00e9e haute performance avec fonction de charge directe. Propuls\u00e9 par trois LED cries, il peut atteindre max 4200 lumens. Avec la fonction de charge directe, la lumi\u00e8re peut \u00eatre charg\u00e9e sans retirer la batterie.<\/li>\n<\/ul>\n<p><img loading=\"lazy\" decoding=\"async\" class=\"alignnone size-medium wp-image-4814\" src=\"https:\/\/sweet-johnson.82-165-61-42.plesk.page\/wp-content\/uploads\/2022\/03\/faa7dfe4da-d860-1-399x333.jpg\" alt=\"\" width=\"399\" height=\"333\" \/><\/p>\n<p>LED haute puissance CRE, max 4200 lumens<\/p>\n<p>* Syst\u00e8me de charge directe avec un temps de charge court de 3,5 heures<br \/>\n* Batterie INR rempla\u00e7able, 7.4V 50.3Wh (4 * 18650)<br \/>\n* Interrupteur de bouton de queue en alliage de titane, op\u00e9ration facile * Fonction de verrouillage s\u00fbr, \u00e9vitez les mauvaises manipulations<br \/>\n* Poign\u00e9e sp\u00e9cialement con\u00e7ue, facile \u00e0 transporter et \u00e0 assembler<br \/>\n* Indicateur de batterie * Indicateur de charge LED<br \/>\n* Protection intelligente contre la surchauffe<br \/>\n* Fonction de protection contre les surcharges et les d\u00e9charges<\/p>\n<p>* Construction r\u00e9sistante \u00e0 la pression de l\u2019eau, profondeur nominale \u00e0 150 m\u00e8tres<br \/>\n* Mat\u00e9riau en aluminium haute r\u00e9sistance de qualit\u00e9 a\u00e9ronautique* La derni\u00e8re finition<br \/>\nde r\u00e9sistance \u00e0 la corrosion \u00e0 l\u2019eau de mer anodis\u00e9e dure de qualit\u00e9 diamant<\/p>\n<p>* R\u00e9flecteur en aluminium alli\u00e9 avec analyse<br \/>\noptique professionnelle * Verre tremp\u00e9 rev\u00eatu de deux c\u00f4t\u00e9s avec une r\u00e9sistance \u00e9lev\u00e9e \u00e0 la pression de l\u2019eau Sous l\u2019eau<br \/>\nprofonde<\/p>\n<p>&nbsp;<\/p>\n<p>&nbsp;<\/p>\n","protected":false},"excerpt":{"rendered":"<p>Lampe de plong\u00e9e d860 Orcatorch<\/p>\n","protected":false},"featured_media":4807,"comment_status":"closed","ping_status":"closed","template":"","meta":[],"product_cat":[94,95],"product_tag":[],"class_list":["post-4873","product","type-product","status-publish","has-post-thumbnail","hentry","product_cat-eclairages","product_cat-exploration"],"_links":{"self":[{"href":"https:\/\/sweet-johnson.82-165-61-42.plesk.page\/index.php\/wp-json\/wp\/v2\/product\/4873","targetHints":{"allow":["GET"]}}],"collection":[{"href":"https:\/\/sweet-johnson.82-165-61-42.plesk.page\/index.php\/wp-json\/wp\/v2\/product"}],"about":[{"href":"https:\/\/sweet-johnson.82-165-61-42.plesk.page\/index.php\/wp-json\/wp\/v2\/types\/product"}],"replies":[{"embeddable":true,"href":"https:\/\/sweet-johnson.82-165-61-42.plesk.page\/index.php\/wp-json\/wp\/v2\/comments?post=4873"}],"wp:featuredmedia":[{"embeddable":true,"href":"https:\/\/sweet-johnson.82-165-61-42.plesk.page\/index.php\/wp-json\/wp\/v2\/media\/4807"}],"wp:attachment":[{"href":"https:\/\/sweet-johnson.82-165-61-42.plesk.page\/index.php\/wp-json\/wp\/v2\/media?parent=4873"}],"wp:term":[{"taxonomy":"product_cat","embeddable":true,"href":"https:\/\/sweet-johnson.82-165-61-42.plesk.page\/index.php\/wp-json\/wp\/v2\/product_cat?post=4873"},{"taxonomy":"product_tag","embeddable":true,"href":"https:\/\/sweet-johnson.82-165-61-42.plesk.page\/index.php\/wp-json\/wp\/v2\/product_tag?post=4873"}],"curies":[{"name":"wp","href":"https:\/\/api.w.org\/{rel}","templated":true}]}}