{"id":4870,"date":"2022-11-24T09:22:54","date_gmt":"2022-11-24T09:22:54","guid":{"rendered":"https:\/\/sweet-johnson.82-165-61-42.plesk.page\/?post_type=product&#038;p=4870"},"modified":"2022-11-24T09:28:38","modified_gmt":"2022-11-24T09:28:38","slug":"d710","status":"publish","type":"product","link":"https:\/\/sweet-johnson.82-165-61-42.plesk.page\/index.php\/product\/d710\/","title":{"rendered":"D710"},"content":{"rendered":"<p>&nbsp;<\/p>\n<p>D\u00e9couvrez le phare de plong\u00e9e sous-marine D710 ORCA TORCH, ultra puissant avec ses 3000 lumens, pratique avec son interrupteur indicateur de charge et sa batterie rechargeable directement par cordon USB&#8230;<\/p>\n<p>&nbsp;<\/p>\n<p>Que vous soyez un plongeur r\u00e9cr\u00e9atif ou professionnel, vous trouverez la lampe de plong\u00e9e ORCATORCH D710 indispensable dans vos activit\u00e9s sous-marines.<\/p>\n<p>Avec un maximum de 3 000 lumens, la D710 est l&#8217;une des torches sous-marines les plus puissantes de sa cat\u00e9gorie. Mais, vous avez le choix entre de nombreux param\u00e8tres de luminosit\u00e9 si vous pr\u00e9f\u00e9rez moins de puissance.<\/p>\n<p>Il fonctionne sur une batterie rechargeable OrcaTorch 21700 5000mAh avec\u00a0port de chargement USB Type-C, plus facile pour vous de le charger n&#8217;importe o\u00f9&#8230;.<\/p>\n<p>Il utilise un faisceau de lumi\u00e8re \u00e9troit et concentr\u00e9, parfait pour vous guider dans les environnements les plus sombres, y compris les cavernes et les \u00e9paves&#8230;<\/p>\n<p>&nbsp;<\/p>\n<p><a href=\"https:\/\/sweet-johnson.82-165-61-42.plesk.page\/wp-content\/uploads\/2022\/03\/651107a75b-007.png\"><img loading=\"lazy\" decoding=\"async\" class=\"alignnone size-medium wp-image-4645\" src=\"https:\/\/sweet-johnson.82-165-61-42.plesk.page\/wp-content\/uploads\/2022\/03\/651107a75b-007-399x333.png\" alt=\"\" width=\"399\" height=\"333\" \/><\/a><\/p>\n<ul>\n<li>LED Luminus, max 3000 lumens<\/li>\n<li>1 batterie Li-ion 21700 5000 mAh<\/li>\n<li>Angle de faisceau de 6\u00b0<\/li>\n<li>Usage facile avec interrupteur \u00e0 bouton-poussoir lat\u00e9ral en alliage de titane<\/li>\n<li>Fonction de verrouillage de s\u00e9curit\u00e9, emp\u00eache les erreurs de fonctionnement<\/li>\n<li>Protection intelligente contre la surchauffe<\/li>\n<li>Indicateur de batterie<\/li>\n<li>Construction r\u00e9sistante \u00e0 la pression de l&#8217;eau, profondeur \u00e9valu\u00e9e \u00e0 &#8211; 150 m\u00e8tres<\/li>\n<li>Protection contre l&#8217;inversion de polarit\u00e9, pour se prot\u00e9ger d&#8217;une mauvaise installation de la batterie<\/li>\n<li>Fonction de protection contre les d\u00e9charges excessives<\/li>\n<li>Boitier en aluminium haute r\u00e9sistance de qualit\u00e9 a\u00e9ronautique<\/li>\n<li>Finition anti-corrosion anodis\u00e9e dure de qualit\u00e9 diamant<\/li>\n<li>Verre tremp\u00e9 rev\u00eatu des deux c\u00f4t\u00e9s avec une r\u00e9sistance \u00e9lev\u00e9e \u00e0 la pression de l&#8217;eau en utilisation profonde<\/li>\n<\/ul>\n<ul>\n<li>Port\u00e9e du faisceau: 150 m (sur terre)<\/li>\n<li>Intensit\u00e9 : 27500cd<\/li>\n<li>R\u00e9sistance aux chocs : 1,5 m<\/li>\n<li>Etanche &#8211; 150 m<\/li>\n<li>Dimension : 142 mm (longueur) x 27 mm (tube) x 36 mm (t\u00eate)<\/li>\n<li>Poids net 135g (sans batterie\uff09<\/li>\n<li>Cordon de chargement USB, dragonne, joints toriques<\/li>\n<\/ul>\n<p>&nbsp;<\/p>\n","protected":false},"excerpt":{"rendered":"<p>Lampe de plong\u00e9e D710 Orcatorch<\/p>\n","protected":false},"featured_media":0,"comment_status":"closed","ping_status":"closed","template":"","meta":[],"product_cat":[94,95],"product_tag":[],"class_list":["post-4870","product","type-product","status-publish","hentry","product_cat-eclairages","product_cat-exploration"],"_links":{"self":[{"href":"https:\/\/sweet-johnson.82-165-61-42.plesk.page\/index.php\/wp-json\/wp\/v2\/product\/4870","targetHints":{"allow":["GET"]}}],"collection":[{"href":"https:\/\/sweet-johnson.82-165-61-42.plesk.page\/index.php\/wp-json\/wp\/v2\/product"}],"about":[{"href":"https:\/\/sweet-johnson.82-165-61-42.plesk.page\/index.php\/wp-json\/wp\/v2\/types\/product"}],"replies":[{"embeddable":true,"href":"https:\/\/sweet-johnson.82-165-61-42.plesk.page\/index.php\/wp-json\/wp\/v2\/comments?post=4870"}],"wp:attachment":[{"href":"https:\/\/sweet-johnson.82-165-61-42.plesk.page\/index.php\/wp-json\/wp\/v2\/media?parent=4870"}],"wp:term":[{"taxonomy":"product_cat","embeddable":true,"href":"https:\/\/sweet-johnson.82-165-61-42.plesk.page\/index.php\/wp-json\/wp\/v2\/product_cat?post=4870"},{"taxonomy":"product_tag","embeddable":true,"href":"https:\/\/sweet-johnson.82-165-61-42.plesk.page\/index.php\/wp-json\/wp\/v2\/product_tag?post=4870"}],"curies":[{"name":"wp","href":"https:\/\/api.w.org\/{rel}","templated":true}]}}