{"id":4869,"date":"2022-11-23T17:58:02","date_gmt":"2022-11-23T17:58:02","guid":{"rendered":"https:\/\/sweet-johnson.82-165-61-42.plesk.page\/?post_type=product&#038;p=4869"},"modified":"2022-11-24T09:15:03","modified_gmt":"2022-11-24T09:15:03","slug":"d700","status":"publish","type":"product","link":"https:\/\/sweet-johnson.82-165-61-42.plesk.page\/index.php\/product\/d700\/","title":{"rendered":"D700"},"content":{"rendered":"<p>&nbsp;<\/p>\n<p>Le phare D700 ORCA TORCH est \u00e0 la fois puissant avec ses 1700 lumens, simple \u00e0 utiliser avec son allumage par rotation (sans interrupteur) et r\u00e9sistant avec son \u00e9tanch\u00e9it\u00e9 \u00e0 &#8211; 150 m\u00e8tres.<\/p>\n<p>Avec un niveau de luminosit\u00e9 maximal puissant de 1700 lumens, la lampe de plong\u00e9e OrcaTorch D700 illumine vos aventures sous-marines qui n\u00e9cessitent un faisceau lumineux avec une utilisation facile et une longue dur\u00e9e de fonctionnement. Si vous \u00eates le genre de plongeur qui pr\u00e9f\u00e8re l&#8217;\u00e9quipement de base et facile \u00e0 utiliser, l&#8217;OrcaTorch D700 est le bon choix. Livr\u00e9 avec une batterie rechargeable OrcaTorch 21700 5000mAh avec port de chargement USB Type C. Il utilise un faisceau de lumi\u00e8re \u00e9troit et concentr\u00e9, parfait pour vous guider dans les environnements les plus sombres, y compris les cavernes et les \u00e9paves&#8230;<\/p>\n<p>&nbsp;<\/p>\n<p><a href=\"https:\/\/sweet-johnson.82-165-61-42.plesk.page\/wp-content\/uploads\/2022\/03\/265c5aef71-007.png\"><img loading=\"lazy\" decoding=\"async\" class=\"alignnone wp-image-4639\" src=\"https:\/\/sweet-johnson.82-165-61-42.plesk.page\/wp-content\/uploads\/2022\/03\/265c5aef71-007-399x333.png\" alt=\"\" width=\"344\" height=\"287\" \/><\/a><\/p>\n<ul>\n<li>1 LED, Max 1700 lumens<\/li>\n<li>1 batterie Li-ion 21700<\/li>\n<li>Angle de faisceau de 6 \u00b0<\/li>\n<li>Le commutateur rotatif de t\u00eate m\u00e9canique offre une haute fiabilit\u00e9 sous l&#8217;eau<\/li>\n<li>Protection intelligente contre la surchauffe<\/li>\n<li>Construction r\u00e9sistante \u00e0 la pression de l&#8217;eau, profondeur \u00e9valu\u00e9e \u00e0 150 m\u00e8tres<\/li>\n<li>Protection contre l&#8217;inversion de polarit\u00e9, pour prot\u00e9ger d&#8217;une mauvaise installation de la batterie<\/li>\n<li>Au cours de la fonction de protection de d\u00e9charge<\/li>\n<li>Mat\u00e9riau en aluminium haute r\u00e9sistance de qualit\u00e9 a\u00e9ronautique<\/li>\n<li>La derni\u00e8re finition de r\u00e9sistance \u00e0 la corrosion de l&#8217;eau de mer anodis\u00e9e dure de qualit\u00e9 diamant<\/li>\n<li>Verre tremp\u00e9 enduit des deux c\u00f4t\u00e9s avec une r\u00e9sistance \u00e0 la pression d&#8217;eau \u00e9lev\u00e9e sous l&#8217;eau profonde<\/li>\n<li>1 batterie 21700\u00a05000 mAh chargement USB<\/li>\n<li>1700 lumens<\/li>\n<li>1h 50mins<\/li>\n<li>Port\u00e9e du faisceau: 150 m (sur terre)<\/li>\n<li>Intensit\u00e9 : 27500cd<\/li>\n<li>R\u00e9sistance aux chocs : 1,5 m<\/li>\n<li>Etanche &#8211; 150 m<\/li>\n<li>Dimension : 142 mm (longueur) x 27 mm (tube) x 36 mm (t\u00eate)<\/li>\n<li>Poids net 135g (sans batterie\uff09<\/li>\n<li>Cordon de chargement USB, dragonne, joints toriques<\/li>\n<\/ul>\n<p>&nbsp;<\/p>\n<p>&nbsp;<\/p>\n<p>&nbsp;<\/p>\n","protected":false},"excerpt":{"rendered":"<p>Lampe de plong\u00e9e D700<\/p>\n","protected":false},"featured_media":4637,"comment_status":"closed","ping_status":"closed","template":"","meta":[],"product_cat":[94,95],"product_tag":[],"class_list":["post-4869","product","type-product","status-publish","has-post-thumbnail","hentry","product_cat-eclairages","product_cat-exploration"],"_links":{"self":[{"href":"https:\/\/sweet-johnson.82-165-61-42.plesk.page\/index.php\/wp-json\/wp\/v2\/product\/4869","targetHints":{"allow":["GET"]}}],"collection":[{"href":"https:\/\/sweet-johnson.82-165-61-42.plesk.page\/index.php\/wp-json\/wp\/v2\/product"}],"about":[{"href":"https:\/\/sweet-johnson.82-165-61-42.plesk.page\/index.php\/wp-json\/wp\/v2\/types\/product"}],"replies":[{"embeddable":true,"href":"https:\/\/sweet-johnson.82-165-61-42.plesk.page\/index.php\/wp-json\/wp\/v2\/comments?post=4869"}],"wp:featuredmedia":[{"embeddable":true,"href":"https:\/\/sweet-johnson.82-165-61-42.plesk.page\/index.php\/wp-json\/wp\/v2\/media\/4637"}],"wp:attachment":[{"href":"https:\/\/sweet-johnson.82-165-61-42.plesk.page\/index.php\/wp-json\/wp\/v2\/media?parent=4869"}],"wp:term":[{"taxonomy":"product_cat","embeddable":true,"href":"https:\/\/sweet-johnson.82-165-61-42.plesk.page\/index.php\/wp-json\/wp\/v2\/product_cat?post=4869"},{"taxonomy":"product_tag","embeddable":true,"href":"https:\/\/sweet-johnson.82-165-61-42.plesk.page\/index.php\/wp-json\/wp\/v2\/product_tag?post=4869"}],"curies":[{"name":"wp","href":"https:\/\/api.w.org\/{rel}","templated":true}]}}