{"id":4859,"date":"2022-11-23T15:43:04","date_gmt":"2022-11-23T15:43:04","guid":{"rendered":"https:\/\/sweet-johnson.82-165-61-42.plesk.page\/?post_type=product&#038;p=4859"},"modified":"2022-11-23T16:07:02","modified_gmt":"2022-11-23T16:07:02","slug":"d560gl","status":"publish","type":"product","link":"https:\/\/sweet-johnson.82-165-61-42.plesk.page\/index.php\/product\/d560gl\/","title":{"rendered":"D560GL"},"content":{"rendered":"<p>Premier VRAI laser sous-marin jusqu&#8217;\u00e0 150 m<\/p>\n<p>&nbsp;<\/p>\n<ul>\n<li>Laser vert 5 mW avec longueur d&#8217;onde 520nM<\/li>\n<li>Utilise une seule pile AA ou une batterie 14500 Li-ion<\/li>\n<li>Le commutateur rotatif \u00e0 t\u00eate m\u00e9canique offre une grande fiabilit\u00e9 sous l&#8217;eau<\/li>\n<li>Construction r\u00e9sistante \u00e0 la pression d&#8217;eau, profondeur nominale jusqu&#8217;\u00e0 150 m\u00e8tres<\/li>\n<li>Circuit de courant constant \u00e0 haute efficacit\u00e9, luminosit\u00e9 constante<\/li>\n<li>Protection contre l&#8217;inversion de polarit\u00e9, pour \u00e9viter une installation incorrecte de la batterie<\/li>\n<li>Fonction de protection contre les d\u00e9charges<\/li>\n<li>Mat\u00e9riau en aluminium haute r\u00e9sistance de qualit\u00e9 a\u00e9ronautique<\/li>\n<li>La derni\u00e8re finition de r\u00e9sistance \u00e0 la corrosion \u00e0 l&#8217;eau de mer anodis\u00e9e de qualit\u00e9 diamant<\/li>\n<li>R\u00e9flecteur en aluminium<\/li>\n<li>Verre tremp\u00e9 \u00e0 deux faces<\/li>\n<\/ul>\n<p>Autonomie : AA batterie : 5h20min\u00a0 \u00a0Batterie 14500 : 5h<\/p>\n<p>Distance du faisceau : &gt;1000m<\/p>\n<p>R\u00e9sistant \u00e0 l&#8217;impact : 1m<\/p>\n<p>Etanche : 150m<\/p>\n<p>Voltage de travail : 0.8 &#8211; 4.2V<\/p>\n<p>Accessoires : 2*AA batterie<\/p>\n","protected":false},"excerpt":{"rendered":"<p>Lampe de plong\u00e9e D560GL\u00a0 Orcatorch<\/p>\n","protected":false},"featured_media":4597,"comment_status":"closed","ping_status":"closed","template":"","meta":[],"product_cat":[101],"product_tag":[],"class_list":["post-4859","product","type-product","status-publish","has-post-thumbnail","hentry","product_cat-laser"],"_links":{"self":[{"href":"https:\/\/sweet-johnson.82-165-61-42.plesk.page\/index.php\/wp-json\/wp\/v2\/product\/4859","targetHints":{"allow":["GET"]}}],"collection":[{"href":"https:\/\/sweet-johnson.82-165-61-42.plesk.page\/index.php\/wp-json\/wp\/v2\/product"}],"about":[{"href":"https:\/\/sweet-johnson.82-165-61-42.plesk.page\/index.php\/wp-json\/wp\/v2\/types\/product"}],"replies":[{"embeddable":true,"href":"https:\/\/sweet-johnson.82-165-61-42.plesk.page\/index.php\/wp-json\/wp\/v2\/comments?post=4859"}],"wp:featuredmedia":[{"embeddable":true,"href":"https:\/\/sweet-johnson.82-165-61-42.plesk.page\/index.php\/wp-json\/wp\/v2\/media\/4597"}],"wp:attachment":[{"href":"https:\/\/sweet-johnson.82-165-61-42.plesk.page\/index.php\/wp-json\/wp\/v2\/media?parent=4859"}],"wp:term":[{"taxonomy":"product_cat","embeddable":true,"href":"https:\/\/sweet-johnson.82-165-61-42.plesk.page\/index.php\/wp-json\/wp\/v2\/product_cat?post=4859"},{"taxonomy":"product_tag","embeddable":true,"href":"https:\/\/sweet-johnson.82-165-61-42.plesk.page\/index.php\/wp-json\/wp\/v2\/product_tag?post=4859"}],"curies":[{"name":"wp","href":"https:\/\/api.w.org\/{rel}","templated":true}]}}